and 8?
8
Let a(i) = -i**3 + 5*i**2 + 16*i - 14. Let c be a(7). Suppose c*l = l - 115. Calculate the greatest common divisor of 23 and l.
23
Suppose 58 - 183 = 5*i. Let r be (3*(-20)/i)/(3/10). What is the highest common divisor of 40 and r?
8
Let v(b) = -52*b - 195. Let l be v(-4). What is the highest common factor of l and 481?
13
Let w(h) = -3*h**2 + h**2 - 20*h**3 + 29 - 2*h - 32 - 2*h. Let r be w(-1). What is the greatest common divisor of 171 and r?
19
Let d be -1 + 1*12 + -3. Suppose 4*y - 4 = d. Suppose -y*s + 62 = 4*o + 5, 5*o + 5*s = 65. Calculate the greatest common factor of 6 and o.
6
Suppose -7*d + 19*d = 1008. Let b be 0 + 2 + -2 - -126. What is the highest common divisor of b and d?
42
Let z = -19 - -21. Let i = z + 3. Suppose 282 = i*s + 92. What is the greatest common factor of s and 95?
19
Let f = 40 - 31. Suppose -2*d = -4*d + 36. What is the highest common divisor of f and d?
9
Suppose 5*m - 83 = -18. Suppose 5 = -4*u + m. Suppose -u*a + 14 = -0*a. What is the greatest common divisor of 21 and a?
7
Let k be (-154)/(-21) + (-2)/6. Let s(d) = -2*d**3 + 10*d**2 + 2*d + 4. Let u be s(5). Calculate the greatest common factor of k and u.
7
Let s(x) = -30*x - 57. Let r be s(-2). Calculate the greatest common divisor of 489 and r.
3
Let b(x) = -44*x + 2. Let w be b(-2). Let y be (-60)/((8/(-6))/((-44)/(-66))). What is the highest common factor of w and y?
30
Let d(n) = n - 1. Let w be d(-2). Let h be 66/(-4 + 2) + w. Let m = h - -41. Calculate the greatest common factor of 55 and m.
5
Let t(r) = 53*r**2 + 2*r - 6. Let m be t(4). Suppose -5*y + 0*y = -m. Calculate the highest common divisor of y and 17.
17
Let y(a) = -14*a - 1. Let j be y(-1). Let g be (j - 27)*(-4 + -1). Calculate the highest common divisor of g and 28.
14
Suppose 4*v = v + 18. Let q be -1 - (-8 + 1 + 1). Suppose -4 = -q*p + 11. What is the greatest common divisor of v and p?
3
Suppose 16 = -4*c, y - 5*c = 47 + 47. Calculate the greatest common divisor of 37 and y.
37
Let g be 86/6 - (-6)/9. Let v = 631 + -625. Calculate the highest common divisor of g and v.
3
Let y(c) = 38*c**2 - 33*c - 127. Let z be y(-5). Calculate the greatest common divisor of z and 19.
19
Let w be (-2)/6*-4 + 50/3. Let x(k) be the first derivative of 2*k**3 + k**2 - 2*k - 1. Let i be x(-2). What is the greatest common divisor of w and i?
18
Let u(w) = w**3 - 2*w + 5*w**2 - 12*w + 10*w - 5*w - 15. Let c be u(-6). Suppose 1 = -c*z + 4. Calculate the greatest common factor of 11 and z.
1
Suppose -3*s - 16 = -a, -4*a = -s - 2 - 7. Suppose a = 7*p - 6. What is the greatest common divisor of p and 7?
1
Suppose 0 = 4*c - 5*k - 1, -3*c - k + 15 = -0*k. Suppose -c*n + 26 = 5*g - 37, -7 = -g + 2*n. What is the highest common factor of 44 and g?
11
Suppose 3*b = -4*z + 4274, 8*z - 6*z - 5*b = 2150. What is the highest common factor of z and 10?
10
Let k = -56 - -110. Let y = -41 + k. Calculate the highest common factor of y and 13.
13
Suppose -19*o = -14*o - 135. What is the highest common factor of o and 9?
9
Let l be -5*(14/7 + -4). What is the greatest common factor of l and 18?
2
Let l(g) be the second derivative of 3*g + g**2 + 0 + 2/3*g**3. Let y be l(4). What is the highest common divisor of 2 and y?
2
Let a = 56 + -33. Let j = -19 + a. What is the highest common divisor of 40 and j?
4
Suppose -3*r + 12 = 3*o, -3*r - 2*o = r - 8. Suppose r = -14*z + 6*z + 288. Calculate the greatest common divisor of 396 and z.
36
Suppose -4*a + 6*n - n = -517, 2*a + 5*n = 251. Calculate the highest common divisor of a and 40.
8
Let c be 88/3*(-3 + 9) + 0. What is the greatest common factor of c and 22?
22
Let c = -1012 - -1407. What is the greatest common divisor of c and 10?
5
Let x = -3 - -4. Suppose -a = 2, 5*s - 13 - x = -3*a. What is the greatest common divisor of s and 6?
2
Let n be 6/27 + (-2)/9. Suppose n = -l + 52 + 14. Let u be (-130)/(-6) - (-4)/12. Calculate the highest common divisor of l and u.
22
Suppose -v + 5*u = -0*u - 20, v - u - 8 = 0. Suppose 0 = 6*b - b - v. Suppose 4*t - 39 = -3*x, -x = b + 2. Calculate the greatest common factor of 8 and t.
4
Suppose h - 27 = 4*h. Let f = h - -12. Suppose 0 = 4*z + f*a - 52, -3*z + 3*a = -15 - 3. What is the greatest common divisor of 30 and z?
10
Suppose 9*r + 264 = 5*r. Let f = -21 - r. Suppose 4*c = c + f. What is the greatest common factor of 165 and c?
15
Suppose 4*t + 4 = -4*q, 3 = -2*t - 0*t - 3*q. Suppose -w - 12 - 24 = -3*i, t = 4*w + 12. Calculate the greatest common factor of 44 and i.
11
Let v(p) = p**3 + 21*p**2 - 22*p + 2. Let g be v(-22). Suppose 0 = -i - g*i + 36. Calculate the greatest common factor of i and 84.
12
Let z be -17*(-12)/48 + (-2)/8. Let p be -1 + -1 + (-52)/(-2). Suppose 0*c = -z*c + p. What is the greatest common factor of 24 and c?
6
Let p be (-3 - 11)*(-24)/(-1). Let m be ((-8)/(-3) - 2)*p/(-14). Let q be -3 + (-2 - -2) - -131. Calculate the highest common divisor of m and q.
16
Suppose 18*g - 21*g + 132 = 0. Suppose -3*y = -5*l - 122, 0 = y - 2*l + l - 42. Suppose -3*z - z = -y. What is the greatest common divisor of g and z?
11
Suppose 3*l - 3*b = 3174, -7*l + 4217 = -3*l - b. Calculate the highest common factor of l and 39.
39
Let w(n) = 3*n**2 - 142*n + 155. Let s be w(47). Calculate the greatest common factor of s and 27.
27
Suppose 326*m - 327*m + 725 = 0. What is the highest common factor of m and 25?
25
Let u be (-4)/10 + (-14)/(-10). Suppose x - u = 35. Let g = -129 + 147. What is the highest common divisor of x and g?
18
Let w = 11 + 3. Let s be (-15)/(-25) - (-3)/(-5). Suppose -a + 4*b + 0*b + 36 = s, 5*a = -3*b + 134. Calculate the greatest common factor of a and w.
14
Let w(p) = 7*p**2 + 90*p - 9. Let y be w(-11). Let r(h) = 24*h - 4. Let j be r(-4). Let m = j - y. Calculate the highest common factor of 13 and m.
13
Let u(j) = 10*j**2 - 27*j + 10. Let m be u(4). What is the greatest common divisor of 248 and m?
62
Let j(b) = 44*b + 10. Let r(c) = -c - 1. Let s(z) = j(z) + 10*r(z). Let n be s(1). What is the highest common factor of 85 and n?
17
Suppose -3*o = 5*i - 76, -2*i = 2*i + 4. What is the greatest common factor of 261 and o?
9
Suppose -3*d + r + 5 = -0, 4*r = -5*d + 14. Suppose -3*z + 225 = -h, h - 78 - 72 = -d*z. Calculate the greatest common factor of z and 25.
25
Let t be 2835/6*(-18)/(-27). What is the greatest common factor of 35 and t?
35
Let o = -11 - -26. Suppose -q + 13 = -o. Suppose 2*h - q = -2*y, -h - 82 = -6*h + y. What is the greatest common factor of 16 and h?
16
Suppose 0 = 7*u + 4 - 620. Suppose -4*g - 30 = -9*g. Let s be 2/g - (-69)/9. What is the greatest common divisor of s and u?
8
Suppose 16 = -4*t + 2*f, -3*t = 2*t + 5*f + 35. Suppose -18*r = -30*r + 156. Let l = t + r. What is the greatest common divisor of 1 and l?
1
Let u be 0 - (-442 + (0 - (4 - 4))). Calculate the greatest common factor of u and 34.
34
Let r(l) = 64*l + 1. Let k be r(1). Let w = -59 + 64. Suppose 0 = -3*u + w*t + 98, -7 - 9 = 4*t. Calculate the greatest common divisor of u and k.
13
Let z = 0 + 3. Suppose -4*s - 6*t + 168 = -5*t, -z*s - 5*t = -126. Calculate the highest common divisor of 6 and s.
6
Suppose -7*f + 22 = 15. Let t be 2*f/2 + 0 + 124. What is the highest common factor of t and 50?
25
Suppose 36 = 4*r + 3*y - 20, -70 = -5*r + 2*y. Calculate the highest common factor of r and 14.
14
Let c(s) = s**3 + 4*s**2 - 3*s. Let f be c(2). Suppose -o - 147 = -2*b, -98 = -4*o - b - 686. Let p = 237 + o. Calculate the highest common divisor of f and p.
18
Suppose -4*c - 22 = a - 5*c, -3*c = -4*a - 84. Let t be a/((-17)/14 + 14/(-49)). Suppose -3*r + 45 = -45. Calculate the greatest common factor of r and t.
6
Let l(s) = -s**3 + 23*s**2 + 52*s + 4. Let j be l(23). Calculate the greatest common divisor of 48 and j.
48
Let s(t) = -3*t + 7. Let l be s(-3). Let q be -3 + 1 + l + -3. What is the greatest common factor of 33 and q?
11
Let k = 713 - 635. What is the greatest common divisor of k and 6?
6
Let x be (10/(-2))/(630/(-1764)). Suppose -3*l + 118 = -92. Calculate the highest common factor of l and x.
14
Let c be -51 - -1904 - (1 + 2). What is the highest common factor of c and 74?
74
Let x be (-24)/(-9)*(89 - 2). Calculate the greatest common divisor of 8 and x.
8
Suppose -t + 10 + 28 = -4*l, -16 = 2*l